{"id":2030,"date":"2025-10-08T14:43:26","date_gmt":"2025-10-08T14:43:26","guid":{"rendered":"https:\/\/cgs-immobilier.ch\/sales\/chateau-doex-1660-e8dd-p9b8\/"},"modified":"2026-04-30T03:22:24","modified_gmt":"2026-04-30T03:22:24","slug":"chateau-doex-1660-e8dd-p9b8","status":"publish","type":"listing","link":"https:\/\/cgs-immobilier.ch\/en\/sales\/chateau-doex-1660-e8dd-p9b8\/","title":{"rendered":"Opportunit\u00e9 d'acqu\u00e9rir un appartement \u00e0 r\u00e9nover!"},"content":{"rendered":"<p>Belle opportunit\u00e9 d'acqu\u00e9rir un appartement traditionnel en bois de 98 m2 situ\u00e9 aux combles d'un chalet multi-appartements \u00e0 Ch\u00e2teau-d'Oex !<\/p>\n<p>Il est situ\u00e9 au dernier \u00e9tage d'une petite copropri\u00e9t\u00e9 de 3 appartements ce qui lui conf\u00e8re une situation privative et dans le quartier tranquille.<\/p>\n<p>Un agr\u00e9able espace jardin compl\u00e8te ce lot.<\/p>\n<p>Il comprend :<\/p>\n<ul>\n<li>acc\u00e8s par un escalier privatif avec une entr\u00e9e ferm\u00e9e<\/li>\n<li>une cuisine am\u00e9nag\u00e9e<\/li>\n<li>une salle de bain avec baignoire<\/li>\n<li>un salon avec chemin\u00e9e<\/li>\n<li>une chambre \u00e0 coucher<\/li>\n<li>plusieurs petits espaces<\/li>\n<\/ul>\n<p>Les charges mensuelles sont actuellement de CHF 275.- sans le fonds de r\u00e9novation.<\/p>\n<p>Actuellement cet appartement comprend plusieurs petits espaces qui pourraient \u00eatre am\u00e9nag\u00e9s afin d'offrir de plus grands espaces de vie.<\/p>\n<p>Apr\u00e8s une r\u00e9novation compl\u00e8te ce bien vous offrira une opportunit\u00e9 de pouvoir b\u00e9n\u00e9ficier d'un espace de vie au Pays-d'Enhaut afin de profiter de cette belle r\u00e9gion !<\/p>\n<p>Nous sommes \u00e0 votre enti\u00e8re disposition pour vous donner de plus amples renseignements et pour organiser une visite de ce lieu...<\/p>\n","protected":false},"featured_media":0,"template":"","listing_type":[2],"property_type":[16],"no_of_rooms":[4],"feature":[35],"orientation":[],"locality":[209,13],"postcode":[210],"country":[9],"listing_status":[10],"ra_feature":[11],"class_list":["post-2030","listing","type-listing","status-publish","hentry","listing_type-buy","property_type-apartment","no_of_rooms-6-rooms","feature-fireplace","locality-chateau-doex","locality-vaud","postcode-210","country-ch","listing_status-available","ra_feature-published-on-ra"],"acf":[],"_links":{"self":[{"href":"https:\/\/cgs-immobilier.ch\/en\/wp-json\/wp\/v2\/listing\/2030","targetHints":{"allow":["GET"]}}],"collection":[{"href":"https:\/\/cgs-immobilier.ch\/en\/wp-json\/wp\/v2\/listing"}],"about":[{"href":"https:\/\/cgs-immobilier.ch\/en\/wp-json\/wp\/v2\/types\/listing"}],"wp:attachment":[{"href":"https:\/\/cgs-immobilier.ch\/en\/wp-json\/wp\/v2\/media?parent=2030"}],"wp:term":[{"taxonomy":"listing_type","embeddable":true,"href":"https:\/\/cgs-immobilier.ch\/en\/wp-json\/wp\/v2\/listing_type?post=2030"},{"taxonomy":"property_type","embeddable":true,"href":"https:\/\/cgs-immobilier.ch\/en\/wp-json\/wp\/v2\/property_type?post=2030"},{"taxonomy":"no_of_rooms","embeddable":true,"href":"https:\/\/cgs-immobilier.ch\/en\/wp-json\/wp\/v2\/no_of_rooms?post=2030"},{"taxonomy":"feature","embeddable":true,"href":"https:\/\/cgs-immobilier.ch\/en\/wp-json\/wp\/v2\/feature?post=2030"},{"taxonomy":"orientation","embeddable":true,"href":"https:\/\/cgs-immobilier.ch\/en\/wp-json\/wp\/v2\/orientation?post=2030"},{"taxonomy":"locality","embeddable":true,"href":"https:\/\/cgs-immobilier.ch\/en\/wp-json\/wp\/v2\/locality?post=2030"},{"taxonomy":"postcode","embeddable":true,"href":"https:\/\/cgs-immobilier.ch\/en\/wp-json\/wp\/v2\/postcode?post=2030"},{"taxonomy":"country","embeddable":true,"href":"https:\/\/cgs-immobilier.ch\/en\/wp-json\/wp\/v2\/country?post=2030"},{"taxonomy":"listing_status","embeddable":true,"href":"https:\/\/cgs-immobilier.ch\/en\/wp-json\/wp\/v2\/listing_status?post=2030"},{"taxonomy":"ra_feature","embeddable":true,"href":"https:\/\/cgs-immobilier.ch\/en\/wp-json\/wp\/v2\/ra_feature?post=2030"}],"curies":[{"name":"wp","href":"https:\/\/api.w.org\/{rel}","templated":true}]}}

Opportunité d'acquérir un appartement à rénover!

<p>Belle opportunité d'acquérir un appartement traditionnel en bois de 98 m2 situé aux combles d'un chalet multi-appartements à Château-d'Oex !</p>
<p>Il est situé au dernier étage d'une petite copropriété de 3 appartements ce qui lui confère une situation privative et dans le quartier tranquille.</p>
<p>Un agréable espace jardin complète ce lot.</p>
<p>Il comprend :</p>
<ul>
<li>accès par un escalier privatif avec une entrée fermée</li>
<li>une cuisine aménagée</li>
<li>une salle de bain avec baignoire</li>
<li>un salon avec cheminée</li>
<li>une chambre à coucher</li>
<li>plusieurs petits espaces</li>
</ul>
<p>Les charges mensuelles sont actuellement de CHF 275.- sans le fonds de rénovation.</p>
<p>Actuellement cet appartement comprend plusieurs petits espaces qui pourraient être aménagés afin d'offrir de plus grands espaces de vie.</p>
<p>Après une rénovation complète ce bien vous offrira une opportunité de pouvoir bénéficier d'un espace de vie au Pays-d'Enhaut afin de profiter de cette belle région !</p>
<p>Nous sommes à votre entière disposition pour vous donner de plus amples renseignements et pour organiser une visite de ce lieu...</p>
